s(z) = z**2 + 15*z - 38. What is s(-16)?
-22
Let k(g) = -5*g - 80. Give k(-13).
-15
Let a(f) = -10*f - 56. Calculate a(-4).
-16
Let k(f) = f**3 + 12*f**2 + 21*f + 4. Determine k(-10).
-6
Let n(o) = -o**3 + 7*o**2 + o - 49. Calculate n(6).
-7
Let d(m) = -m + 17. Calculate d(-9).
26
Let k(w) = -w**3 + 5*w**2 - 5*w + 3. What is k(5)?
-22
Let m(d) = -d**3 - 8*d**2 - 4*d - 9. Determine m(-6).
-57
Let x(k) = k + 20. Determine x(0).
20
Let d(z) = 2*z - 7. Give d(8).
9
Let i(w) = w - 3. Calculate i(5).
2
Let j(s) = 23*s + 61. Calculate j(-7).
-100
Let n(s) = -29*s + 1. What is n(1)?
-28
Let z(d) = -d**2 - d + 3. Determine z(-4).
-9
Let a(y) = 5*y - 3. Calculate a(-2).
-13
Let y(m) = -2*m**3 - 9*m**2 + 4*m + 2. Give y(-5).
7
Let o(j) = -j**3 + 2*j**2 + j - 3. Give o(2).
-1
Let q(r) = -r**3 + 6*r**2 - 3*r - 6. Calculate q(5).
4
Let r(s) = -2*s + 24. What is r(9)?
6
Let f(s) = 5*s**2 + s - 1. Calculate f(3).
47
Let k(d) = -51*d**3 + 2*d**2 - d. Determine k(1).
-50
Let d(p) = -2*p**3 + 96*p**2 - 96*p + 102. What is d(47)?
8
Let i(l) = 4*l**2 + 14*l - 1. Determine i(-3).
-7
Let k(w) = -w**3 + 10*w**2 - 9*w - 9. Determine k(8).
47
Let c(h) = -4*h**2 + 7*h + 17. What is c(6)?
-85
Let c(d) = d**2 - 10*d - 6. Calculate c(12).
18
Let c(f) = 3*f**2 - 4*f + 2. Give c(-2).
22
Let k(f) = -8*f + 159. Give k(16).
31
Let o(p) = p**3 - 9*p**2 - 9*p + 7. What is o(10)?
17
Let r(u) = 18*u**2 - 69*u - 3. What is r(4)?
9
Let l(t) = 2*t - 33. Calculate l(21).
9
Let q(b) = -7*b + 47. Give q(16).
-65
Let v(z) = -2*z**2 + 25*z + 16. Calculate v(13).
3
Let o(a) = -3*a + 16. What is o(7)?
-5
Let c(z) = z**3 - z**2 + 3*z - 40. Give c(0).
-40
Let g(i) = i**3 + i**2 + 2*i. Determine g(-2).
-8
Let l(r) = -12*r + 4. Determine l(2).
-20
Let s(l) = -l**2 + 3*l + 16. Calculate s(6).
-2
Let r(o) = 4*o - 6. Determine r(3).
6
Let l(g) = -4*g**3 + 6*g**2 - 2*g - 1. What is l(2)?
-13
Let l(s) = -4*s**2 + 4*s - 3. What is l(2)?
-11
Let m(v) = -6*v - 61. Give m(-8).
-13
Let w(i) = i**2 - 12*i - 27. Determine w(14).
1
Let m(r) = -4*r + 8. Calculate m(-4).
24
Let n(i) = 39*i**2 - 2*i + 1. Give n(1).
38
Let b(z) = 16*z**3 + 3*z**2 + 3*z + 2. Calculate b(-1).
-14
Let h(i) = -11*i + 198. Determine h(17).
11
Let t(j) = j**2 - 16*j - 8. Calculate t(19).
49
Let w(g) = -309*g - 311. Determine w(-1).
-2
Let a(m) = -3*m**2 - 9*m - 6. Give a(-4).
-18
Let s(k) = 2*k**3 + 11*k**2 - 6*k - 13. Give s(-6).
-13
Let l(j) = 4*j - 59. Give l(0).
-59
Let d(r) = r**3 + 3*r**2 + 8*r + 13. Give d(-3).
-11
Let c(y) = y - 5. Determine c(2).
-3
Let l(c) = -c**3 - 14*c**2 - 25*c - 15. Determine l(-12).
-3
Let k(u) = u**2 - 8*u + 9. Determine k(4).
-7
Let g(x) = -x**3 + x**2 + 30*x. What is g(-5)?
0
Let j(g) = g**2 - 10*g. Give j(11).
11
Let y(w) = -w**3 + 8. Give y(0).
8
Let o(x) = x**2 - 15*x + 20. Give o(15).
20
Let s(q) = q**3 - 6*q**2 - 18*q + 77. Calculate s(7).
0
Let r(m) = m**3 + 4*m**2 - 9*m - 13. What is r(-5)?
7
Let p(v) = v**3 + 2*v**2 - 7*v + 5. Determine p(2).
7
Let s(f) = -f**3 + 9*f**2 - 13*f - 30. Calculate s(6).
0
Let m(a) = -12*a**2 + a + 1. Determine m(-2).
-49
Let v(f) = 15*f - 2. What is v(0)?
-2
Let z(q) = 2*q + 27. Give z(-3).
21
Let b(r) = -r**2 - 8*r + 9. Calculate b(-8).
9
Let w(s) = s**3 - 8*s**2 - 9*s + 3. What is w(9)?
3
Let q(t) = -4*t + 25. Calculate q(-15).
85
Let y(n) = -47*n**2 - 1. Give y(1).
-48
Let u(l) = -54*l - 4. What is u(1)?
-58
Let g(d) = d**2 + 9*d + 14. Calculate g(-5).
-6
Let f(o) = -39*o - 103. Determine f(-3).
14
Let m(d) = 2*d**3 - 31*d**2 - 15*d - 17. Determine m(16).
-1
Let g(q) = q**2 - 10*q + 16. Give g(10).
16
Let a(w) = -w - 39. Determine a(-42).
3
Let u(m) = -m**2 + m + 2. Determine u(6).
-28
Let n(a) = 5*a + 36. Determine n(-6).
6
Let c(g) = g**3 - 4*g**2 - g - 2. Give c(3).
-14
Let t(q) = 18*q - 116. Calculate t(5).
-26
Let a(g) = 2*g**3 + 1. Calculate a(-1).
-1
Let q(f) = -12*f + 66. Determine q(5).
6
Let i(z) = -z**2 + 10*z - 2. Determine i(9).
7
Let y(q) = -6*q - 133. Determine y(-22).
-1
Let j(g) = -g**2 - g + 108. Give j(0).
108
Let h(x) = 9*x + 4. Give h(3).
31
Let x(o) = -o**3 - 6*o**2 + 2*o - 6. Determine x(-3).
-39
Let c(k) = 11*k - 27. Determine c(4).
17
Let i(u) = -3*u**3 - 19*u**2 - 10*u - 15. Give i(-6).
9
Let n(m) = 14*m + 4. Calculate n(-3).
-38
Let k(z) = z**3 - 9*z**2 + 12*z + 8. What is k(7)?
-6
Let r(d) = 8*d - 54. Calculate r(7).
2
Let b(u) = 14*u**3 + u**2 + u. Give b(-1).
-14
Let l(d) = -d + 24. Give l(18).
6
Let d(k) = -13*k - 216. Determine d(-18).
18
Let q(r) = -3*r + 99. Calculate q(31).
6
Let f(o) = -3*o + 30. Calculate f(11).
-3
Let v(t) = t**2 + 23*t - 25. What is v(-22)?
-47
Let k(z) = -12*z + 39. Calculate k(3).
3
Let h(k) = -15*k - 4. Give h(4).
-64
Let c(s) = -s**2 + 19*s + 69. Give c(20).
49
Let b(i) = i**3 + 5*i**2 + 6*i + 2. Calculate b(-4).
-6
Let o(t) = -t**3 - 54*t**2 - 3*t - 160. Determine o(-54).
2
Let r(i) = 2*i + 56. Calculate r(-12).
32
Let l(r) = 27*r**3 + r**2 - 2*r + 1. Give l(1).
27
Let x(q) = 2*q**2 + q - 11. Give x(0).
-11
Let o(v) = -v - 10. Determine o(10).
-20
Let d(z) = -3*z**2 - 26*z + 30. Give d(-9).
21
Let l(r) = r**3 + 8*r**2 + 10*r + 2. Calculate l(-6).
14
Let g(o) = o**2 - 17*o + 57. Calculate g(11).
-9
Let g(q) = 5*q**3 + q**2 + q - 1. Calculate g(-1).
-6
Let u(r) = 2*r**3 + 4*r**2 - 3*r. Give u(-3).
-9
Let q(f) = -f**3 - 39*f**2 + 40*f - 2. Determine q(-40).
-2
Let k(q) = -5*q + 9. Determine k(-4).
29
Let j(a) = 10*a - 3. Give j(1).
7
Let r(f) = -6*f - 6. Give r(7).
-48
Let k(m) = -2*m**2 + 4*m + 25. Determine k(5).
-5
Let n(d) = -d**3 - 10*d**2 - 2*d - 12. Calculate n(-10).
8
Let k(p) = -p**2 - 14*p - 35. Give k(-4).
5
Let c(p) = p**3 - 9*p**2 + 7*p + 10. Determine c(8).
2
Let n(s) = 3*s + 18. Determine n(-10).
-12
Let r(v) = -v**2 + 12*v + 4. What is r(6)?
40
Let p(o) = -6*o**3 - 3*o**2 - 6*o - 4. Determine p(-1).
5
Let o(h) = -4*h**2 + 9*h - 2. What is o(3)?
-11
Let s(l) = l**2 + 19*l + 86. Give s(-9).
-4
Let d(m) = 5*m**2 - 109*m - 18. Calculate d(22).
4
Let x(g) = -g**3 + 37*g**2 + 160*g + 164. Calculate x(41).
0
Let y(n) = -n**3 + 43*n**2 - 46*n + 160. Give y(42).
-8
Let m(u) = -3*u**3 + u**2 - 1. Calculate m(-1).
3
Let n(y) = -3*y**2 - 6*y - 2. What is n(-4)?
-26
Let r(x) = x**2 + 7*x - 16. Calculate r(-10).
14
Let f(p) = p**3 - 5*p**2 - 3*p - 4. Calculate f(4).
-32
Let v(m) = -m**3 + 10*m**2 - 11*m + 10. Give v(9).
-8
Let f(y) = -253*y - 5. Determine f(0).
-5
Let r(c) = -c**3 - 26*c**2 + 4*c + 111. Determine r(-26).
7
Let x(s) = -s + 16. Calculate x(22).
-6
Let g(c) = -c**3 + 17*c**2 + 3*c - 44. Calculate g(17).
7
Let i(d) = d**2 + 7*d - 19. Give i(-10).
11
Let y(r) = 11*r + 3. What is y(5)?
58
Let n(c) = -c**3 + 8*c**2 + 32*c - 8. Give n(11).
-19
Let q(f) = 2*f**2 + 18*f - 1. Determine q(-9).
-1
Let i(x) = -x**2 - 11*x - 3. Determine i(-13).
-29
Let y(c) = -c**3 + 30*c**2 + 67*c - 101. Give y(32).
-5
Let a(h) = h**3 - 12*h**2 + 18*h. What is a(10)?
-20
Let p(t) = 8*t + 9. What is p(-1)?
1
Let f(a) = a**3 - 17*a**2 + 28*a + 20. Calculate f(15).
-10
Let i(s) = s**2 + 9*s - 58. Give i(-15).
32
Let g(l) = 93*l + 288. Determine g(-3).
9
Let u(d) = d + 20. What is u(22)?
42
Let k(l) = l**3 - 5*l**2 + 5*l + 11. Give k(4).
15
Let p(q) = -2*q**2 + 1. Give p(2).
-7
Let x(m) = 12*m**2 + m - 1. Give x(3).
110
Let i(f) = -f + 7. What is i(3)?
4
Let j(m) = 73*m - 297. Determine j(4).
-5
Let n(g) = -5*g - 200. Give n(-39).
-5
Let s(r) = -r**3 + 19*r**2 - 3*r + 75. Determine s(19).
18
Let c(n) = n**3 + 11*n**2 + 9*n - 4. Give c(-10).
6
Let s(z) = -z**2 + z + 21. Calculate s(0).
21
Let o(d) = -5*d + 2. Calculate o(3).
-13
Let x(h) = -4*h**3 - h**2 - 4*h + 2. What is x(-2)?
38
Let l(u) = -184*u - 917. Determine l(-5).
3
Let t(m) = 23*m**3 + 2*m**2 - m. Determine t(1).
24
Let t(h) = -6*h**2 + 36*h + 4. Calculate t(6).
4
Let k(x) = -2*x**2 + 5*x + 3. Calculate k(-3).
-30
Let y(a) = -6*a**2 - 9*a - 6. Give y(-3).
-33
Let a(t) = -t**3 + 11*t**2 - 9*t - 1. Calculate a(10).
9
Let t(a) = -5*a + 381. Determine t(77).
-4
Let s(o) = -2*o**2 - 16*o + 8. Calculate s(-8).
8
Let g(l) = 2*l**2 + 5*l - 3. Give g(-3).
0
Let p(o) = -9*o**2 - 19*o - 3. Determine p(-3).
-27
Let g(f) = 6*f**2 - 5. Determine g(0).
-5
Let d(g) = g**3 - 9*g**2 - 10*g + 8. What is d(10)?
8
Let y(j) = j**2 + 7*j + 13. Calculate y(-6).
7
Let t(g) = g*